(-13) is divided by k.
15
Suppose -29*g + 543 = -8. What is the remainder when 33 is divided by g?
14
Calculate the remainder when (-35 + 36)/(1/59) is divided by 7.
3
Let v(z) = -13*z**3 - 3*z**2 - 7*z - 11. What is the remainder when 373 is divided by v(-2)?
88
Let m(u) = -31*u - 355. Calculate the remainder when 247 is divided by m(-12).
9
What is the remainder when (-184)/(-2) + (7 - (0 + 9)) is divided by 19?
14
Let r(m) = 15*m - 73. Suppose 4*h - 19 = 2*h - o, o = h - 2. What is the remainder when 120 is divided by r(h)?
24
Suppose -475 = -48*v + 29*v. What is the remainder when 48 is divided by v?
23
Suppose w - 1 = 2*w - 5*v, v - 29 = -3*w. Suppose -3*o + a + a + 12 = 0, -a = 2*o - 8. Suppose -o*m + 30 = -2*m. What is the remainder when m is divided by w?
6
Let x(c) = -c**3 - 12*c**2 - 11*c + 5. Let o be x(-11). Suppose 0 = o*b - 4*b + 25. Let y = b - -38. What is the remainder when 49 is divided by y?
10
Suppose -2*b + 21 = q, -b - b + q + 11 = 0. Suppose -232 + 1128 = b*a. What is the remainder when a is divided by 38?
36
Suppose -3*b = b + 4*l + 8, 5*b = 4*l + 8. Suppose -264 = -3*s + 5*j, b = -s - 0*j + 4*j + 88. What is the remainder when s is divided by 13?
10
Let i = 231 - 203. Let g(o) = 3 - 3*o**2 + 0*o**2 - 2*o**3 + 0*o**2 + 5*o. Calculate the remainder when i is divided by g(-3).
13
Let f(t) = 10*t - 13. Let m(v) = -v - 1. Let a(b) = f(b) + 6*m(b). Calculate the remainder when 18 is divided by a(6).
3
Let h = 16 + -34. Let r = h + 41. Suppose -k = -5*k + 48. Calculate the remainder when r is divided by k.
11
Suppose 2*x - 4 = x. Suppose x + 6 = 2*d. Suppose -4*y = -3*y + 5, -5*b + 4*y + 135 = 0. Calculate the remainder when b is divided by d.
3
Let q(r) = r**2 + 5*r - 2. Let j be q(-6). Suppose -j*g + 57 = -g. Calculate the remainder when g is divided by 5.
4
Let f be 3/(-4)*(-144)/6. Suppose 0 = q - 5 - f. Suppose 0 = -p + 3*p - 134. What is the remainder when p is divided by q?
21
Suppose 12 = -4*u, -5 + 17 = v - 4*u. Let q(k) = -k + 177. What is the remainder when q(v) is divided by 45?
42
Let u(w) = w**2 + 32*w + 62. Suppose 2*j + 4*c = 40, 0 = j - 4*c + c - 10. Calculate the remainder when u(-31) is divided by j.
15
What is the remainder when (-1167)/(-7) + (-231)/49 + 5 is divided by 12?
11
Let z = 34 - 47. Let t(q) = -q**3 - 12*q**2 - 33. Calculate the remainder when t(z) is divided by 23.
21
Let h = -49 - -256. Calculate the remainder when h is divided by 35.
32
Let w(j) = j**3 - 5*j**2 + 16*j - 14. Calculate the remainder when 130 is divided by w(4).
28
Let w = 12 - 36. Let j = -9 - w. Calculate the remainder when -36 - -30 - (2/(-2) - 33) is divided by j.
13
Let p = 303 - 264. Calculate the remainder when 75 is divided by p.
36
Let s(f) = f**2 + 15*f + 18. Suppose 2*j + 28 = -0*j. Calculate the remainder when 23 is divided by s(j).
3
Suppose t + 4*w - 87 = 8*w, 0 = 2*t + 4*w - 138. Calculate the remainder when t is divided by (-12)/3*(3 - (-92)/(-16)).
9
What is the remainder when (3/(-2))/(21/(-322)) is divided by 8?
7
Suppose 0 = 5*l - 2*n - 49, l + 3*n - 5 = n. What is the remainder when 9 is divided by l?
0
Let k be (18/27)/(6/1089). Suppose -9*j = -8*j - k. Calculate the remainder when j is divided by 18.
13
Let l = 32 + -38. Suppose 3*u = -3*v - 60, -3*v - 10 = -2*v + 3*u. Let x = l - v. What is the remainder when x is divided by 5?
4
Let x = -354 + 389. Calculate the remainder when 452 is divided by x.
32
Suppose -2*c + 56 = 3*u, -16 = 5*u - 6. Let n = c + -26. What is the remainder when 8 is divided by n?
3
Let j = -1226 + 1243. Calculate the remainder when 712 is divided by j.
15
Let j be (2 - 1)/(-1) + 1. Suppose -l + 6*l - 15 = 0, j = 4*u + l - 111. What is the remainder when u is divided by 71/5 + (-12)/60?
13
Let f(b) = -11*b + 4. Let i(y) = 2*y**3 + 20*y**2 - 2*y - 1. Calculate the remainder when f(-3) is divided by i(-10).
18
Suppose -23 = -8*d + 9. Suppose -d*l - 10 + 98 = 0. What is the remainder when 85 is divided by l?
19
Let h(u) = -6*u**2 - 5*u + 819. What is the remainder when h(0) is divided by 137?
134
Let b(h) be the first derivative of -2*h**2 - 55*h - 1. Let p = 22 - 9. Calculate the remainder when b(-23) is divided by p.
11
Suppose 57*g = 52*g + 160. What is the remainder when 53 is divided by g?
21
Let r = 289 + -202. What is the remainder when r is divided by ((-68)/12 - 2)*-3?
18
Let u(a) = -a**3 + 6*a**2 + 3*a. Let r = 28 - 23. Calculate the remainder when u(r) is divided by 11.
7
Suppose -2 = -2*k + p, 24 + 5 = 3*k + 5*p. Let m = 88 - 83. Suppose -4*c = -2*v + 30, m*v = -5*c + 2 + 43. What is the remainder when v is divided by k?
2
Suppose -d - 4*d + 5 = 0. Suppose -f = 2*h - 25, h = 4*f - 94 + 12. Let g = d + f. What is the remainder when g is divided by 6?
4
What is the remainder when 56/(-476) - 6887/(-17) is divided by 28?
13
Let q = 22 - 14. Let a(k) = -13*k**3 + k**2 - 20*k - 21. Calculate the remainder when a(-1) is divided by q.
5
Let a = 29 - -266. Calculate the remainder when a is divided by 50.
45
Suppose -10*u - 720 = -30*u. Calculate the remainder when u is divided by 14/((-2)/(-1)) - -1.
4
Let l = 160 + -280. Let m = -60 - l. What is the remainder when m is divided by 9?
6
Suppose -288 = -4*q + 248. What is the remainder when q is divided by 4?
2
Let d(f) = f. Calculate the remainder when 99 is divided by d(10).
9
Let g(x) = -3*x**3 + 138*x**2 + 3*x + 2. Calculate the remainder when 555 is divided by g(46).
135
Calculate the remainder when 130 is divided by (1/6)/((-4)/18)*-44.
31
What is the remainder when 83 is divided by ((-37)/(-7) - -1)/((-6)/(-21))?
17
Let f(s) = 13*s**2 + 113*s - 14. What is the remainder when f(-9) is divided by 2 + 4/(-1) + 16?
8
Let t = 142 + -82. Calculate the remainder when 70 is divided by (-40)/t - (-62)/3.
10
Suppose 4*r - g - 18 = 0, 3*g - 12 = -2*r + 2*g. Suppose 0 = -4*q - 3*k + 5*k + 24, 0 = -r*k. What is the remainder when 28 is divided by q?
4
Suppose 0 = 4*n - y - 201, -4*y - 115 = 5*n - 340. Calculate the remainder when 190 is divided by n.
43
Let a(v) = -v**2 - 24*v - 75. What is the remainder when a(-16) is divided by 15?
8
Suppose 5*a = 228 - 13. Suppose -4*t - 124 = -5*d + 66, 0 = -5*t - 5*d - 260. Let x = t - -72. What is the remainder when a is divided by x?
21
Suppose -20*y = -y - 4503. What is the remainder when y is divided by 16?
13
Suppose 3*x = g - 4*g + 87, x - 113 = -4*g. Let v = g + -22. Calculate the remainder when 45 is divided by v.
3
Let y = -25 + 50. What is the remainder when 100 is divided by y?
0
Suppose 1 = 7*y - 8*y + 5*u, -3*y - 3*u + 33 = 0. Calculate the remainder when 187 is divided by y.
7
Let c be (-4)/(-18) + 104/18. Let x(g) = -4*g - 27*g**2 + 14*g**2 - 3 + 0 + 14*g**2. What is the remainder when x(c) is divided by 5?
4
Let w = 6 - 7. Let y be (-4)/1 - (-5 + w). What is the remainder when 996/24 + (-1)/y is divided by 14?
13
Let v = -1829 + 1832. Let r = -12 - -21. Calculate the remainder when r is divided by v.
0
Let d = -76 + 163. Let j(t) = 31*t**2 - 1. What is the remainder when d is divided by j(1)?
27
Let h = 137 + -114. Calculate the remainder when 83 is divided by h.
14
Let x = 1282 + -1248. Suppose 1 = 2*u + 7, -2*w + 4*u = -30. Calculate the remainder when x is divided by w.
7
Let c(a) = a**2 + 6*a + 12. Let g be c(-5). Let j(u) = g*u - u - 2 - 2*u. Calculate the remainder when j(10) is divided by 13.
12
Suppose -2*v + 2 = 0, -3*v + 71 = o + 3*o. Let q(n) = -5*n**2 - 3*n - 2. Let m be q(-2). Let a = o - m. What is the remainder when a is divided by 17?
16
Let q be -1*3/6 + 235/10. Suppose -n - 4*k = -q, 1 + 13 = n + k. What is the remainder when 53 is divided by n?
9
Let m = -190 - -274. Suppose 2*y = -52 + m. Calculate the remainder when 40 is divided by y.
8
Suppose -5*x - 15 = t, -3*x = 2*t - 3*t + 1. Let m be x + (0 - 0) + 238. Let z = m - 162. What is the remainder when z is divided by 25?
24
Suppose -8*f + 633 + 31 = 0. Calculate the remainder when f is divided by 5.
3
Suppose -8*y = -5*y. Suppose 0*n + n - 18 = y. Calculate the remainder when n is divided by 10.
8
Suppose -20 = -0*x + 2*x - 5*n, 2*x - 8 = -2*n. Suppose x*j - 3*j = -15. Calculate the remainder when 21 is divided by j.
1
Suppose -2*c - 9 = -111. Let i = -6 + 34. What is the remainder when c is divided by i?
23
